
3
What is the remainder when 285892 is divided by 249?
40
Calculate the remainder when 230913 is divided by 76921.
150
What is the remainder when 178451 is divided by 669?
497
Calculate the remainder when 29795498 is divided by 875.
873
Calculate the remainder when 124397121 is divided by 174.
171
What is the remainder when 131523 is divided by 31?
21
Calculate the remainder when 14309716 is divided by 7154848.
20
Calculate the remainder when 61783 is divided by 8772.
379
Calculate the remainder when 166508 is divided by 27721.
182
What is the remainder when 262281 is divided by 489?
177
What is the remainder when 144717 is divided by 431?
332
What is the remainder when 343155 is divided by 232?
27
Calculate the remainder when 5372339 is divided by 2461.
2437
What is the remainder when 36362633 is divided by 141?
2
What is the remainder when 4265524 is divided by 2752?
2676
What is the remainder when 1115245 is divided by 4408?
21
What is the remainder when 3631075 is divided by 7792?
3
Calculate the remainder when 2131690 is divided by 710562.
4
What is the remainder when 307089 is divided by 7?
6
What is the remainder when 1800849 is divided by 4904?
1081
Calculate the remainder when 83412 is divided by 235.
222
Calculate the remainder when 50971517 is divided by 23.
21
Calculate the remainder when 18734 is divided by 1662.
452
Calculate the remainder when 3622 is divided by 3470.
152
Calculate the remainder when 80791 is divided by 19797.
1603
Calculate the remainder when 3800192 is divided by 5947.
59
Calculate the remainder when 211235 is divided by 64.
35
Calculate the remainder when 10130330 is divided by 1266244.
378
What is the remainder when 103575 is divided by 192?
87
What is the remainder when 10682 is divided by 4278?
2126
What is the remainder when 14295050 is divided by 2132?
2122
What is the remainder when 1149537 is divided by 37079?
88
Calculate the remainder when 150510 is divided by 25075.
60
Calculate the remainder when 309729 is divided by 14.
7
Calculate the remainder when 55438953 is divided by 18.
15
Calculate the remainder when 393861154 is divided by 78.
76
What is the remainder when 18994299 is divided by 2374272?
123
Calculate the remainder when 57490 is divided by 57214.
276
Calculate the remainder when 4003435 is divided by 571903.
114
Calculate the remainder when 2316505 is divided by 150.
55
Calculate the remainder when 18536 is divided by 1453.
1100
What is the remainder when 19814673 is divided by 2566?
21
Calculate the remainder when 101138 is divided by 374.
158
Calculate the remainder when 18921079 is divided by 2464.
23
What is the remainder when 573921710 is divided by 91?
89
What is the remainder when 83969 is divided by 728?
249
Calculate the remainder when 5694587 is divided by 101689.
3
What is the remainder when 413001 is divided by 85?
71
What is the remainder when 48534 is divided by 5385?
69
Calculate the remainder when 29974380 is divided by 2997436.
20
Calculate the remainder when 11440734 is divided by 297.
294
Calculate the remainder when 1455660 is divided by 29707.
17
What is the remainder when 3201872 is divided by 157?
14
What is the remainder when 327128973 is divided by 11?
6
What is the remainder when 66271911 is divided by 3987?
3984
Calculate the remainder when 7486522 is divided by 331.
295
Calculate the remainder when 180979 is divided by 2079.
106
What is the remainder when 413045 is divided by 407?
347
Calculate the remainder when 669177 is divided by 37.
32
Calculate the remainder when 3303312 is divided by 825821.
28
Calculate the remainder when 422871 is divided by 17462.
3783
What is the remainder when 120420 is divided by 8599?
34
What is the remainder when 417488 is divided by 847?
764
What is the remainder when 1489883 is divided by 229?
9
What is the remainder when 6372376 is divided by 1062046?
100
What is the remainder when 1219649 is divided by 141?
140
Calculate the remainder when 35545158 is divided by 66940.
18
What is the remainder when 1351275 is divided by 81?
33
Calculate the remainder when 16338504 is divided by 5446161.
21
Calculate the remainder when 443052 is divided by 11730.
9042
Calculate the remainder when 5772392 is divided by 20043.
8
Calculate the remainder when 7511282 is divided by 11046.
2
Calculate the remainder when 220909 is divided by 5016.
205
What is the remainder when 1956575 is divided by 24457?
15
Calculate the remainder when 1861887 is divided by 1549.
1538
What is the remainder when 3057732 is divided by 1?
0
Calculate the remainder when 11645 is divided by 1104.
605
What is the remainder when 17567495 is divided by 431?
366
Calculate the remainder when 1544577 is divided by 2773.
16
What is the remainder when 5579235 is divided by 6?
3
Calculate the remainder when 670904863 is divided by 291.
289
Calculate the remainder when 38691996 is divided by 16.
12
What is the remainder when 328156 is divided by 46876?
24
Calculate the remainder when 1287796 is divided by 2683.
2639
Calculate the remainder when 163084 is divided by 40523.
992
Calculate the remainder when 714113 is divided by 261.
17
Calculate the remainder when 62749 is divided by 2843.
203
Calculate the remainder when 11142 is divided by 4366.
2410
Calculate the remainder when 20226797 is divided by 11.
8
What is the remainder when 235565308 is divided by 851?
849
Calculate the remainder when 3115 is divided by 862.
529
What is the remainder when 222424 is divided by 150?
124
What is the remainder when 340940 is divided by 199?
53
Calculate the remainder when 50254 is divided by 24956.
342
What is the remainder when 619542 is divided by 368?
198
Calculate the remainder when 571410 is divided by 1181.
987
What is the remainder when 19957299 is divided by 18?
15
Calculate the remainder when 665000 is divided by 221664.
8
Calculate the remainder when 73879370 is divided by 43.
38
Calculate the remainder when 464513 is divided by 30905.
938
Calculate the remainder when 3848056 is divided by 962012.
8
Calculate the remainder when 239495 is divided by 466.
437
Calculate the remainder when 196429 is divided by 455.
324
What is the remainder when 9075 is divided by 4241?
593
Calculate the remainder when 80066 is divided by 1051.
190
Calculate the remainder when 232157 is divided by 2657.
998
Calculate the remainder when 55717045 is divided by 2532592.
21
What is the remainder when 28351234 is divided by 19472?
2
Calculate the remainder when 1420637 is divided by 11451.
713
What is the remainder when 1021214 is divided by 78549?
77
What is the remainder when 19861753 is divided by 59?
52
Calculate the remainder when 1709494 is divided by 8338.
204
What is the remainder when 76131896 is divided by 156?
152
What is the remainder when 129617269 is divided by 261?
232
Calculate the remainder when 2389411 is divided by 597352.
3
What is the remainder when 9626573 is divided by 41?
19
What is the remainder when 4268597 is divided by 87?
29
What is the remainder when 381739 is divided by 1853?
21
What is the remainder when 3668674 is divided by 305721?
22
What is the remainder when 25728199 is divided by 23?
8
What is the remainder when 85070 is divided by 454?
172
Calculate the remainder when 226544237 is divided by 122.
119
Calculate the remainder when 91787452 is divided by 2479.
2477
What is the remainder when 487513 is divided by 952?
89
What is the remainder when 555874352 is divided by 2863?
2861
Calculate the remainder when 15876294 is divided by 3175248.
54
What is the remainder when 3786159759 is divided by 16137?
16134
Calculate the remainder when 154726968 is divided by 68.
40
Calculate the remainder when 993211 is divided by 136.
3
Calculate the remainder when 562186 is divided by 122.
10
What is the remainder when 377827 is divided by 1239?
1171
Calculate the remainder when 3142847 is divided by 3465.
92
What is the remainder when 121322728 is divided by 15?
13
What is the remainder when 723755 is divided by 125?
5
What is the remainder when 9034633 is divided by 13?
10
What is the remainder when 103446496 is divided by 2273?
2266
What is the remainder when 1066884 is divided by 152381?
217
What is the remainder when 1021624 is divided by 360?
304
Calculate the remainder whe